Suppose -17*l + 27*l = -30. List the prime factors of (-2 - -5)/(l/(-285)).
3, 5, 19
Let j = 7964 + -1981. List the prime factors of j.
31, 193
Suppose -316089 - 280104 + 2679 = -54*z. List the prime factors of z.
29, 379
Let y(a) = 49*a**2 - 1 - 27*a**2 + 2 - 7. Let s be y(2). Suppose -47*l + s = -46*l. What are the prime factors of l?
2, 41
Suppose 0 = 6*q - 2*q, -q = 2*s + 954. Let l = s + 589. List the prime factors of l.
2, 7
Suppose -488*a = -492*a - 540. Suppose -2*t - 2 = 0, 0 = 5*s - 5*t - 774 - 221. Let x = s + a. What are the prime factors of x?
3, 7
Suppose 2*o - 12786 = -a, 401*o = 397*o + 2*a + 25548. What are the prime factors of o?
2, 3, 5, 71
Let h(y) = 7*y - 26. Let r be h(3). Let a(c) = 18*c**2 + 6*c + 6. What are the prime factors of a(r)?
2, 3, 71
Let n be 1287/(-26) - (1*2)/4. Let u = n + 53. List the prime factors of (u/15 + 56/(-5))/(-1).
11
Let d(f) = -f**3 + 6*f**2 - 4*f + 3. Let t(g) = -g**2 + 5*g + 16. Let m be t(7). Let j be d(m). Let c = j + 6. List the prime factors of c.
17
Let l(t) = t**2 + 378*t**3 - 6*t**2 - 377*t**3 + t + 20. What are the prime factors of l(5)?
5
Let a be (-18)/(-8) + 162/24. Let n(j) = 38*j**2 - j. Let l be n(2). Suppose -a*m = -l - 327. List the prime factors of m.
53
What are the prime factors of (-246)/(-2091) + ((-226179)/(-51) - 2)?
11, 13, 31
Suppose -161*y - 10*y = -1148949. What are the prime factors of y?
6719
Let m(j) = -20*j**2 - 4*j - 7. Let q(g) = 19*g**2 + 5*g + 7. Let x(n) = -6*m(n) - 5*q(n). List the prime factors of x(-4).
3, 137
Let p = 19353 - 6384. List the prime factors of p.
3, 11, 131
Let y = 5821 - -17058. What are the prime factors of y?
137, 167
Suppose -2*v = -3*d + 8, d = -5*v - 0*v - 20. What are the prime factors of v - (-1008)/(0 + 4)?
2, 31
Suppose -4*m + 5*s = m - 65, 15 = 5*m + 5*s. Suppose -m*z - 3689 = -15*z. List the prime factors of z.
17, 31
Suppose -y + 24 = y. Suppose 21*k - 25*k + y = 0. Suppose -4*x - 16 = 0, -2*x + 271 = 3*c - k*x. What are the prime factors of c?
89
Suppose -26*a + 20*a = -13272. Suppose 6*n - a = -n. List the prime factors of n.
2, 79
Let v = 4540 - -5898. List the prime factors of v.
2, 17, 307
Let b(i) = -i - 2. Let h be b(4). Let x(z) = 16552 - 30*z - 8266 - 8279. List the prime factors of x(h).
11, 17
Let h(o) = -2*o**2 - 3*o. Let y be h(-1). What are the prime factors of 1189 + ((-16)/(-48))/(y/9)?
2, 149
Suppose -2*c = -3*a + 188, c = 5*a + 3*c - 324. Let v(d) = d**3 - 11*d**2 + 9*d + 14. Let p be v(10). Suppose 0*t = -p*t + a. What are the prime factors of t?
2
Let p = 54513 - 32433. List the prime factors of p.
2, 3, 5, 23
Let n = 362 + -10. Suppose h + 79 = n. What are the prime factors of h?
3, 7, 13
Let y = 34 + 3. Let u = -35 + y. Suppose u*t + 4*z = 54, 3*t - 96 = -2*z + z. List the prime factors of t.
3, 11
What are the prime factors of -19 + 16860/50*160?
11, 4903
What are the prime factors of 6753 + (475/19 - 11)?
67, 101
Let t = -116 + 216. Let l = 1 - 0. What are the prime factors of -2 + t - 1/l?
97
Suppose 4*p = 11*p - 6888. List the prime factors of (0 - 3)/((-18)/p).
2, 41
Let i = 34009 + -23092. List the prime factors of i.
3, 1213
Let u(o) = 89 - 69*o + 568*o + 171 + 92*o - 11. List the prime factors of u(3).
2, 3, 337
Let w(m) = -3*m**2 + 29*m - 16. Let b be w(7). Suppose -b = d - 32. Let i = 119 + d. What are the prime factors of i?
3, 37
Let m be 4 + (1 - 3) + 2. Suppose -2*g = -2*k - 0*k - 660, 2*k = m. List the prime factors of g.
2, 83
Suppose -4*h + 419283 = -2*f + 90457, f = -h + 82220. List the prime factors of h.
229, 359
Let g(a) = 2*a**2 - a - 3. Let m be g(-3). Let s be 4/m - (-2 + (-2)/(-9)). Suppose -5*r + b + 614 = 0, 0*b = 4*r + s*b - 480. What are the prime factors of r?
2, 61
Suppose -6*t + 80 = -8*t. Let f = t + 44. Suppose -f*j = 8*j - 996. List the prime factors of j.
83
Suppose -8*p + 7*p = -3. Suppose 4*i + v - 4063 = 0, p*i = 4*v + 873 + 2179. List the prime factors of i.
2, 127
Suppose -4*o - 6008 = -r, -5*r - 5*o = -24349 - 5591. What are the prime factors of r?
2, 7, 107
What are the prime factors of ((-24677)/(-9))/(22/66) + (-36)/(-27)?
19, 433
Let w(x) = -x**3 + 13*x**2 + 6. Let l be w(13). Let c(v) = -l*v - 9*v - 2*v**2 + 7*v + 13 + v**3. List the prime factors of c(6).
109
Let d = 5825 - 2005. List the prime factors of d.
2, 5, 191
Let f(v) = 51*v**3 - v**2 + 7*v + 13. Let s(o) = -o - 1. Let q(c) = -f(c) + 4*s(c). What are the prime factors of q(-2)?
3, 139
Suppose 20 = 3*o + 5, -4*o + 26 = 3*a. Let l be a*2*(7 + -5). Let x(h) = h**3 - 5*h**2 - 5*h - 12. What are the prime factors of x(l)?
2, 5, 7
Suppose b - 5*b + 80 = -l, 0 = 3*b + l - 60. Suppose 0 = -15*t + b*t - 2090. List the prime factors of t.
2, 11, 19
Let r(v) = -v + 13. Let i be r(9). Suppose d = i*d - 27. What are the prime factors of 178/2 + (d - 13)?
5, 17
Let f(j) = 2*j**2 + 66*j - 2651. What are the prime factors of f(114)?
5, 6173
Suppose 164889 = 125*l - 977986. List the prime factors of l.
41, 223
Suppose 3*r + 2*r + 1690 = 0. Let b = r + 629. What are the prime factors of b?
3, 97
Let t(x) = 2*x - 1. Let f(v) = 3*v**2 - 2*v - 25. Let n(r) = f(r) + 6*t(r). Let p be n(-12). Let j = 558 - p. List the prime factors of j.
277
Let t(g) be the first derivative of 2*g**5/15 - g**4/12 - g**3/6 - 11*g**2 - 13. Let b(n) be the second derivative of t(n). List the prime factors of b(2).
3
Let c = 7 - -5. List the prime factors of (1280/c)/(3/27).
2, 3, 5
Let i(j) = 6*j**3 - 20*j**2 - j + 15. Let n be i(8). Suppose 0 = 7*b - n + 567. List the prime factors of b.
2, 11
Suppose -44*a + 5 = -45*a, 4*p - 21711 = -a. What are the prime factors of p?
61, 89
Let i be (((-90)/(-4))/5)/(2/1504). Suppose 0 = 13*m - m - i. What are the prime factors of m?
2, 3, 47
Suppose 0 = 32*f + 12 - 268. List the prime factors of 844*(f - 2 - (3 - -2)).
2, 211
Let x(q) = -q**3 - 9*q**2 + 24*q + 26. Let y be x(-11). Suppose -12 = -2*j + 5*w + 2, y*j = -4*w + 84. What are the prime factors of j?
17
Let t(x) = 5*x + 20. Let k be t(5). Let w = k - 44. What are the prime factors of (121 - -1)*w - -3?
5
Let b be (-706)/(-18) + (-100)/45 + 2. Let t = 41 - b. What are the prime factors of (-6)/10*(-1)/(t/190)?
3, 19
Let w(x) = -x**3 - 9*x - 11. Let h be w(-8). Suppose 217 - h = -2*l - 3*r, -5*r - 534 = -3*l. List the prime factors of l.
2, 89
Let n(c) = c**2 - 8*c + 5. Let h be n(7). Let l be (-2 - -1)*((-1 - 35) + h). Let b = 43 - l. What are the prime factors of b?
5
List the prime factors of (-30)/(-10)*(25870/(-15))/(-2).
13, 199
What are the prime factors of (-74622)/(-3) + 101/(-101)?
3, 8291
Let b(i) be the second derivative of -i**3/3 - 9*i**2 + 13*i. Let h be b(-11). What are the prime factors of 13/1 - (0 - h)?
17
Let h(q) = q**3 - 21*q**2 - 49*q - 32. Let m be h(24). Suppose -3*x - x = -m. List the prime factors of x.
2, 5, 13
Let a(c) = 261*c**2 + 173*c + 1650. List the prime factors of a(-10).
2, 5, 1301
Let v = 89 - 56. Suppose -4*g = 0, -3*g = -3*h - 7*g + 363. Suppose -v = 2*p - h. List the prime factors of p.
2, 11
Let n = 2467 - -1419. What are the prime factors of n?
2, 29, 67
Let r be 3/7 + ((-38400)/(-21) - -2). Suppose 2303 = 6*z - r. List the prime factors of z.
13, 53
Let d(i) = i**2 + 6*i - 16. Let n be d(0). Suppose j = 51 + 27. Let h = j + n. List the prime factors of h.
2, 31
Let q(k) be the third derivative of k**5/15 - 3*k**4/4 - 10*k**3/3 + k**2. Let o be (-1749)/(-583) - 7*1/2*-2. What are the prime factors of q(o)?
2, 5
Let n = -66 - -68. List the prime factors of -3 - (-133 - n - 2).
2, 67
Suppose -5*h - 78 = h. Suppose -115 + 25 = -3*s. Let d = h + s. List the prime factors of d.
17
Let v = 27356 - 12434. What are the prime factors of v?
2, 3, 829
Suppose -5*r - 658 = 2*r. Let n = r + 98. Suppose 3*s - 5 = n*s, 0 = 3*g - 3*s - 249. List the prime factors of g.
2, 3, 13
Suppose -4*a - 3*t + 322 = -2424, -5*t - 2045 = -3*a. Let p = a - 394. List the prime factors of p.
3, 97
Let c = -165 - -164. List the prime factors of c*(-1 + 3 - 122).
2, 3, 5
Suppose -j + 7 = 3*g, -1 = 2*j - 3. Let y be g*-1*(0 + -10 + 0). Let i(m) = -m**2 + 20*m + 7. What are the prime factors of i(y)?
7
Suppose 0*i = -6*i + 45864. Suppose 4*d - 43*d = -i. List the prime factors of d.
2, 7
Let f(d) = -1111*d + 5080. List the prime factors